1)/8)/(-1)). What is the highest common divisor of v and c?
8
Let t = 243 - 173. Suppose -t = -v - 6*v. Calculate the greatest common divisor of 10 and v.
10
Suppose 4*c = -20 + 244. Let u(f) = -9*f + 12. Let t be u(-8). Calculate the highest common divisor of t and c.
28
Suppose -u + 5*h + 4 = 0, h + 20 = 5*u - 2*h. Let g be 5/(50/u)*(3 - -22). Calculate the greatest common factor of 45 and g.
5
Let c be 4/6 - 332/(-6). Suppose 2*h = 7*h - 45. Let v(w) = -w**2 + 12*w - 13. Let j be v(h). What is the greatest common divisor of c and j?
14
Let t = 12 - -52. Let o be 298/6 - (-8)/(-12). Suppose o - 1 = 3*f. What is the greatest common factor of t and f?
16
Suppose 4*i - 3*r - 55 = 0, -3*i + 27 - 2 = r. Suppose 3*b - 5*j + 47 = 217, b - 2*j = 58. Calculate the greatest common factor of b and i.
10
Suppose -62 = 6*v - 200. Let d = v + 19. What is the greatest common factor of 84 and d?
42
Let u = -29 + 33. Suppose c - 55 = -2*p, 0 = u*c - c + 15. What is the greatest common divisor of p and 90?
30
Let u(p) = -2*p - 13. Let y be u(-8). Suppose -y*x + 231 = w, -3*w + x = -583 - 150. What is the highest common divisor of w and 27?
27
Let h = -173 + 233. Calculate the greatest common divisor of 45 and h.
15
Let q be (9 + -11)/((-1)/5). Let i be 2/(-1) - (-172 + q). What is the greatest common divisor of 32 and i?
32
Let b(p) be the first derivative of 10/3*p**3 - 5 + 1/2*p**2 - 2*p - 1/4*p**4. Let w be b(9). Calculate the greatest common factor of w and 11.
11
Let k(z) = 3*z**3 + 2*z**2 + 4*z - 6. Let a be k(3). Suppose 0*r + 5*b = r - 48, -5*r - 2*b = -a. What is the greatest common factor of r and 92?
23
Let s(c) = -3*c**3 + 4*c**2 + 8*c. Let r be s(6). Let u = 672 + r. Calculate the greatest common factor of 27 and u.
27
Suppose -15*j - 50 = -40*j. What is the highest common divisor of j and 16?
2
Let r = 45 - -3. Suppose 6 - 26 = -5*u. Suppose -u*i - f + 58 = 2*f, 0 = 4*f + 8. Calculate the highest common divisor of r and i.
16
Let h(c) = -11*c - 2. Let s be h(-6). Let r = 3 - 1. Suppose -m + 2*i - 12 = -r*m, 3*m = -i + 26. Calculate the greatest common factor of m and s.
8
Suppose 0 = 6*l - 662 - 2044. Calculate the highest common factor of 11 and l.
11
Let q(x) = -8*x + 93. Let o be q(10). What is the highest common factor of o and 325?
13
Suppose 20 = -0*m - 5*m. Let n = 7 - m. What is the highest common divisor of 11 and n?
11
Suppose -66*c + p = -61*c - 84, 56 = 3*c - 2*p. What is the greatest common divisor of 10 and c?
2
Let c = 107 + -201. Let u = 112 + c. Calculate the greatest common divisor of u and 18.
18
Let m = -6 - -7. Suppose m = -5*q + 16. Suppose 2*j - 6*j + 404 = 4*g, -j - 295 = -q*g. What is the highest common factor of g and 9?
9
Let y be -3 - 26*(-18)/6. What is the highest common divisor of y and 525?
75
Let o = 46 + -28. Suppose 115 = 5*m + 85. What is the greatest common divisor of m and o?
6
Let q(i) = -i + 9. Suppose 0 = -c + 5 - 1. Let p be q(c). Suppose -3*m = 2*m + 4*u - 192, -70 = -2*m - p*u. Calculate the greatest common divisor of 10 and m.
10
Let c(n) = 3*n**3 + n**2 + 1. Let z be c(2). Let v be (-8 - -3)*(116/2)/(-2). What is the highest common factor of v and z?
29
Let m = 23 + -2. Let u(b) = 2*b**3 - 14*b**2 - 11*b + 2. Let j be u(8). Calculate the highest common divisor of j and m.
21
Let v(n) = 211*n - 7086. Let t be v(34). Let r be 2*(0 - 22/(-4)). What is the greatest common divisor of t and r?
11
Let a be (-14 - -4)/(3/(-33)). Suppose 6*g = -17 + 281. Calculate the greatest common factor of a and g.
22
Let y be 110*(5 - 2) - -3. Calculate the highest common factor of y and 9.
9
Let v(w) = 5*w**2 + 4*w + 5. Let t be v(-1). What is the highest common factor of 48 and t?
6
Let y be 2748/60 - 1/(-5). Calculate the greatest common divisor of 414 and y.
46
Let p be -2*5/(20/12). Let o(v) = 7 - 2*v - 5*v + 4*v + 4*v. Let q be o(p). What is the greatest common factor of 2 and q?
1
Let j be (1 - 12)*9*-1. Suppose 34*l = 2*l + 288. What is the greatest common divisor of j and l?
9
Suppose 3*d - 51 - 36 = 0. Let t(g) = -g**3 - 7*g**2 - 5*g + 8. Let y be t(-6). Suppose y*h - 696 = -h. Calculate the greatest common factor of h and d.
29
Let o be (-1 - -3) + (15 - -733)/17. Calculate the greatest common divisor of 667 and o.
23
Let p be 2 - 0 - -16*3. Let h(o) = o**2 + 3*o + 2. Let x be h(-2). Suppose x = 4*q + 12, -q = -l + q + 26. What is the highest common factor of l and p?
10
Suppose s + 35 = 2*u + 3*u, -s - 5 = 0. Let x be u/(-27) - (-411)/27. Let m = 75 - x. Calculate the greatest common factor of m and 150.
30
Let n(w) = -w**3 + 65. Let q be n(0). Calculate the greatest common divisor of q and 39.
13
Let d = 6 + -3. Suppose 0 = y - d*y + 6. Suppose -y*f + 5*f - 66 = 0. What is the greatest common factor of f and 3?
3
Let l = 73 + -52. Let w = 24 - l. Let b(m) = 87*m + 3. Let o be b(w). Calculate the highest common divisor of o and 24.
24
Let v be (5 - (4 + 4)) + (-2 - -31). Calculate the highest common divisor of 78 and v.
26
Let q be (-60720)/(-483) + (-4)/(-14) + 0. What is the highest common factor of 98 and q?
14
Suppose -665 - 2251 = -54*v. What is the highest common factor of 54 and v?
54
Suppose 9*r - 153 - 81 = 0. Let p = r + -7. What is the highest common factor of 19 and p?
19
Let n(m) = 30*m - 6. Let q be n(5). Suppose 5*f - q = 31. Suppose v + h + 0 = 5, -5*h + 10 = 2*v. What is the greatest common divisor of v and f?
5
Let f be (-1 - 7)*6/(-6). Suppose 13*z = f*z + 140. What is the highest common factor of 196 and z?
28
Let f(x) = -820*x - 32. Let b be f(-1). What is the greatest common factor of 4 and b?
4
Suppose 0 = c + 2*c + 3*r - 39, -5*c + 81 = r. Let h be ((-51)/c)/(1/(-2)). Calculate the greatest common factor of 42 and h.
6
Let b = 77 + 67. What is the highest common factor of 36 and b?
36
Suppose 5*n - 28 = 3*b + 4, -1 = -b. Calculate the greatest common divisor of 22 and n.
1
Let s = 5 + -11. Let g be s/(45/(-35) + 1). What is the greatest common factor of 3 and g?
3
Let j be 6/(-3) + 18 + 2 + -3. What is the highest common factor of j and 15?
15
Let k = -18 + 250. Calculate the highest common divisor of k and 8.
8
Let h = 122 + -102. Let y be ((-25)/h)/((-1)/4). Calculate the greatest common factor of 40 and y.
5
Let z(k) = k**2 + 9*k - 3. Let f be z(-10). Suppose f*s - 4 = 6*s. Calculate the highest common factor of s and 1.
1
Let f be (-55)/22*1856/(-10). Calculate the greatest common divisor of f and 24.
8
Suppose -3853 - 206 = -11*o. What is the greatest common factor of o and 205?
41
Let r(j) = j**3 + 10*j**2 - 11*j + 9. Suppose 2*a - 27 = 3*w, 3*w - 1 + 22 = 4*a. Let x be r(w). What is the highest common divisor of x and 27?
9
Let f(i) = i**3 - 6*i**2 - 6*i + 21. Let x be f(9). Let o be x/12*(-18)/(-5). What is the highest common divisor of o and 9?
9
Let x = 49 - 31. Calculate the highest common factor of x and 486.
18
Let r(a) = -2*a + 18. Let g be r(0). Let n(s) = 2*s**2 - s - s**2 - g - 5*s + 2*s. Let p be n(9). Calculate the greatest common factor of p and 297.
27
Let p be (24/(-20))/((-3)/420). Suppose -y + 4*x + 57 = 0, -x + p = 2*y + 36. What is the highest common divisor of y and 26?
13
Suppose h - 3*s - 174 = 0, 3*h - 2*s - 775 = -239. Calculate the highest common divisor of 135 and h.
45
Let k(a) = -4*a + 1. Let w be k(-7). Suppose 264 = h - y, h + 2*y - 106 = 149. Calculate the greatest common factor of h and w.
29
Let q(d) = -38*d - 69. Let z be q(-2). Calculate the greatest common divisor of z and 4.
1
Suppose 0*z - 20 = -5*z. Suppose -125 = -5*a - 2*o + 7*o, z*a - o = 109. Suppose -2*c + 6*c = a. What is the greatest common factor of c and 77?
7
Let q be 492 + -1*(3 - -8). What is the highest common factor of q and 39?
13
Let x(s) = -s. Let p = -10 + 7. Let q be x(p). Suppose q*g + 51 = -z + 2*z, 2*z - 92 = -4*g. What is the highest common factor of 6 and z?
6
Suppose g + 645 = -4*g. Let y = g - -193. Calculate the highest common factor of y and 4.
4
Let g(h) = 7*h - 169. Let x be g(27). Calculate the highest common factor of x and 35.
5
Let n = -46 - -42. Let b be 17 + ((-2)/n)/(13/(-26)). Calculate the highest common divisor of 2 and b.
2
Let m be (-34)/51 + (-10)/3. Let p be m + 133 - 1/(-1). Calculate the greatest common factor of p and 26.
26
Let x = -1552 